{"id":777,"date":"2025-02-20T02:13:42","date_gmt":"2025-02-20T02:13:42","guid":{"rendered":"https:\/\/fujiroki.vn\/?post_type=product&#038;p=777"},"modified":"2025-02-21T14:15:26","modified_gmt":"2025-02-21T14:15:26","slug":"may-hut-am-noi-dia-dorosin-er-20","status":"publish","type":"product","link":"https:\/\/fujiroki.vn\/?product=may-hut-am-noi-dia-dorosin-er-20","title":{"rendered":"M\u00e1y h\u00fat \u1ea9m n\u1ed9i \u0111\u1ecba Dorosin ER-20"},"content":{"rendered":"<p><strong>\ud83d\udd27 T\u00ednh N\u0103ng N\u1ed5i B\u1eadt<\/strong>:<\/p>\n<ul>\n<li><strong>B\u1ed9 h\u1eb9n gi\u1edd<\/strong>: C\u00f3 th\u1ec3 c\u00e0i \u0111\u1eb7t t\u1eeb 1-24 gi\u1edd<\/li>\n<li><strong>M\u00e1y n\u00e9n<\/strong>: S\u1eed d\u1ee5ng m\u00e1y n\u00e9n\u00a0<strong>Panasonic<\/strong>\u00a0b\u1ec1n b\u1ec9<\/li>\n<li><strong>Ch\u1ea5t l\u00e0m l\u1ea1nh<\/strong>:\u00a0R134A, an to\u00e0n v\u1edbi m\u00f4i tr\u01b0\u1eddng<\/li>\n<li><strong>Ch\u1ee9c n\u0103ng l\u1ecdc kh\u00f4ng kh\u00ed<\/strong>:\n<ul>\n<li>M\u00e0ng l\u1ecdc kh\u00ed\u00a0v\u00e0\u00a0t\u1ea1o ion \u00e2m\u00a0gi\u00fap thanh l\u1ecdc kh\u00f4ng kh\u00ed<\/li>\n<li>K\u1ebft h\u1ee3p gi\u1eefa h\u00fat \u1ea9m m\u1ea1nh m\u1ebd v\u00e0 thanh l\u1ecdc kh\u00f4ng kh\u00ed<\/li>\n<\/ul>\n<\/li>\n<\/ul>\n<p><strong>\ud83d\udca1 L\u1ee3i \u00cdch S\u1eed D\u1ee5ng<\/strong>:<\/p>\n<ul>\n<li><strong>Ti\u1ebft ki\u1ec7m n\u0103ng l\u01b0\u1ee3ng<\/strong>: Hi\u1ec7u su\u1ea5t cao, gi\u1ea3m chi ph\u00ed \u0111i\u1ec7n<\/li>\n<li><strong>An to\u00e0n khi s\u1eed d\u1ee5ng<\/strong>:\n<ul>\n<li>T\u1ef1 \u0111\u1ed9ng ng\u1eebng ho\u1ea1t \u0111\u1ed9ng khi tank n\u01b0\u1edbc \u0111\u1ea7y<\/li>\n<li>C\u00f3\u00a0\u0111\u00e8n b\u00e1o hi\u1ec7u\u00a0ti\u1ec7n l\u1ee3i<\/li>\n<\/ul>\n<\/li>\n<li><strong>K\u1ebft n\u1ed1i \u1ed1ng x\u1ea3<\/strong>: D\u1ec5 d\u00e0ng k\u1ebft n\u1ed1i v\u1edbi \u1ed1ng x\u1ea3 th\u1ea3i ra b\u00ean ngo\u00e0i<\/li>\n<\/ul>\n<hr \/>\n<p><strong>\ud83d\udccf K\u00edch Th\u01b0\u1edbc v\u00e0 Tr\u1ecdng L\u01b0\u1ee3ng<\/strong>:<\/p>\n<ul>\n<li><strong>K\u00edch th\u01b0\u1edbc m\u00e1y<\/strong>: 380 x 230 x 600 (mm)<\/li>\n<li><strong>K\u00edch th\u01b0\u1edbc bao b\u00ec<\/strong>: 420 x 269 x 665 (mm)<\/li>\n<li><strong>Tr\u1ecdng l\u01b0\u1ee3ng sau \u0111\u00f3ng g\u00f3i<\/strong>:\u00a0<strong>14,7 kg<\/strong><\/li>\n<\/ul>\n<p>M\u00e1y h\u00fat \u1ea9m Dorosin ER-20 kh\u00f4ng ch\u1ec9 gi\u00fap ki\u1ec3m so\u00e1t \u0111\u1ed9 \u1ea9m m\u00e0 c\u00f2n n\u00e2ng cao ch\u1ea5t l\u01b0\u1ee3ng kh\u00f4ng kh\u00ed trong gia \u0111\u00ecnh b\u1ea1n. V\u1edbi c\u00e1c t\u00ednh n\u0103ng th\u00e2n thi\u1ec7n v\u00e0 hi\u1ec7u su\u1ea5t v\u01b0\u1ee3t tr\u1ed9i, s\u1ea3n ph\u1ea9m n\u00e0y x\u1ee9ng \u0111\u00e1ng l\u00e0 m\u1ed9t ph\u1ea7n trong kh\u00f4ng gian s\u1ed1ng c\u1ee7a b\u1ea1n. N\u1ebfu c\u1ea7n th\u00eam th\u00f4ng tin ho\u1eb7c t\u01b0 v\u1ea5n, h\u00e3y li\u00ean h\u1ec7 v\u1edbi ch\u00fang t\u00f4i\u00a0ngay h\u00f4m nay<\/p>\n<p>&nbsp;<\/p>\n","protected":false},"excerpt":{"rendered":"<h3>\ud83c\udf1f M\u00e1y H\u00fat \u1ea8m Dorosin ER-20 ( B\u1ea3n n\u1ed9i \u0111\u1ecba)<\/h3>\n<p><strong>\ud83d\udcca Th\u00f4ng S\u1ed1 K\u1ef9 Thu\u1eadt<\/strong>:<\/p>\n<ul>\n<li><strong>M\u00e3 s\u1ea3n ph\u1ea9m<\/strong>:\u00a0<strong>ER-20<\/strong><\/li>\n<li><strong>C\u00f4ng su\u1ea5t h\u00fat \u1ea9m<\/strong>: 21 l\u00edt\/24 gi\u1edd (\u1edf \u0111i\u1ec1u ki\u1ec7n 30\u00b0C, 80% \u0111\u1ed9 \u1ea9m)<\/li>\n<li><strong>C\u00f4ng su\u1ea5t ti\u00eau th\u1ee5<\/strong>: 293W<\/li>\n<li><strong>Di\u1ec7n t\u00edch s\u1eed d\u1ee5ng<\/strong>: Ph\u00f9 h\u1ee3p cho kh\u00f4ng gian t\u1eeb <strong>30\u2013 50 m\u00b2<\/strong><\/li>\n<li><strong>B\u1ed3n ch\u1ee9a n\u01b0\u1edbc th\u1ea3i<\/strong>: 5.0 l\u00edt<\/li>\n<li><strong>Ngu\u1ed3n \u0111i\u1ec7n<\/strong>: 220V\/50Hz<\/li>\n<li><strong>L\u01b0u l\u01b0\u1ee3ng kh\u00ed<\/strong>: 160 m\u00b3\/h<\/li>\n<li><strong>\u0110i\u1ec1u ki\u1ec7n ho\u1ea1t \u0111\u1ed9ng<\/strong>: 5\u00b0C \u2013 38\u00b0C<\/li>\n<li><strong>\u0110\u1ed9 \u1ed3n<\/strong>: &lt;42 dB(A)<\/li>\n<\/ul>\n","protected":false},"featured_media":795,"comment_status":"open","ping_status":"closed","template":"","meta":{"inline_featured_image":false},"product_brand":[],"product_cat":[15],"product_tag":[],"class_list":{"0":"post-777","1":"product","2":"type-product","3":"status-publish","4":"has-post-thumbnail","6":"product_cat-may-hut-am","8":"first","9":"instock","10":"sale","11":"shipping-taxable","12":"purchasable","13":"product-type-simple"},"_links":{"self":[{"href":"https:\/\/fujiroki.vn\/index.php?rest_route=\/wp\/v2\/product\/777","targetHints":{"allow":["GET"]}}],"collection":[{"href":"https:\/\/fujiroki.vn\/index.php?rest_route=\/wp\/v2\/product"}],"about":[{"href":"https:\/\/fujiroki.vn\/index.php?rest_route=\/wp\/v2\/types\/product"}],"replies":[{"embeddable":true,"href":"https:\/\/fujiroki.vn\/index.php?rest_route=%2Fwp%2Fv2%2Fcomments&post=777"}],"wp:featuredmedia":[{"embeddable":true,"href":"https:\/\/fujiroki.vn\/index.php?rest_route=\/wp\/v2\/media\/795"}],"wp:attachment":[{"href":"https:\/\/fujiroki.vn\/index.php?rest_route=%2Fwp%2Fv2%2Fmedia&parent=777"}],"wp:term":[{"taxonomy":"product_brand","embeddable":true,"href":"https:\/\/fujiroki.vn\/index.php?rest_route=%2Fwp%2Fv2%2Fproduct_brand&post=777"},{"taxonomy":"product_cat","embeddable":true,"href":"https:\/\/fujiroki.vn\/index.php?rest_route=%2Fwp%2Fv2%2Fproduct_cat&post=777"},{"taxonomy":"product_tag","embeddable":true,"href":"https:\/\/fujiroki.vn\/index.php?rest_route=%2Fwp%2Fv2%2Fproduct_tag&post=777"}],"curies":[{"name":"wp","href":"https:\/\/api.w.org\/{rel}","templated":true}]}}